+ 3*v**2 + v - 5. Let h be (2 - -2)*84/(-112). Let k(j) = h*g(j) - 4*r(j). Calculate k(3).
8
Let c(l) be the second derivative of -l**3 - l**2/2 + 2*l + 39. Let k(q) = -9*q + 16. Let b(s) = 2*c(s) - k(s). Determine b(-6).
0
Suppose -5*y + 16 = -3*f, -21*y = -16*y + 20. Let h(l) = -l**3 - 12*l**2 + 13. Calculate h(f).
13
Let v(i) be the third derivative of -i**6/120 + i**5/6 - i**4/3 - i**3/3 + 1225*i**2. Let p be (-329)/(-35) - 4/10. Determine v(p).
7
Let s(j) = j**3 + j**2 - 2*j + 1. Let v(x) = -x**3 + 7*x**2 + 18*x - 2. Let p be v(9). Let t be p/(-21) - (-456)/504. Calculate s(t).
1
Let y be (-80)/(-70) + (1 - (-8)/(-7)). Suppose -12*p + 11*p = y. Let u be p*(-2 - (-9 + 0)). Let b(o) = -2*o - 7. Determine b(u).
7
Let c(y) = 8*y - 50. Let j(w) = 4*w - 54. Let r be j(15). What is c(r)?
-2
Suppose 4*v = -6*v + 2*v. Let p be 1/1 + v + 80/(-10). Let y(g) = g - 5. Give y(p).
-12
Let h(q) be the third derivative of q**5/30 + 7*q**4/24 + q**3/3 + 2*q**2. Let i = 3501 + -3506. Calculate h(i).
17
Let i = -5299 + 5317. Let v(w) = -w - 4. Calculate v(i).
-22
Let i = 215 + -180. Suppose 0 = 2*n - i + 37. Let x(j) = 12*j**2 - j - 1. What is x(n)?
12
Let a(t) = t**2 + 5*t - 6. Suppose -701 = -8*u + 2219. Let f = 243 - u. Let g = f - -117. Determine a(g).
-6
Let w(c) be the first derivative of 24*c**2 - 6*c - 5317. Give w(-2).
-102
Let j(v) = v**3 - 5*v**2 + 2*v + 3. Let r be j(4). Let k(t) = -19*t**2 + 79*t. Let s(x) = 7*x**2 - 29*x. Let a(f) = -18*k(f) - 49*s(f). Calculate a(r).
-20
Let y(v) be the first derivative of v**4/4 + 7*v**3/3 - 45*v**2/2 + 8*v - 391. What is y(-11)?
19
Let w(o) = 42*o**2 - o**3 + 11*o + 6*o + 41*o**2 + 6 - 90*o**2. Determine w(-9).
15
Suppose 3*f - 3 = 0, n - 5*f = 6 - 7. Let x(c) be the third derivative of 1/12*c**4 + 0 - 14*c**2 + 0*c**3 + 0*c - 1/120*c**6 + 1/15*c**5. Determine x(n).
8
Let t(n) = 9*n + 21. Let y be t(-2). Suppose 0 = x - 3. Let w(s) = 5*s**2 + 2 - s**3 - 9*s**x + 7*s - s + 9*s**y. Give w(6).
2
Let o(s) = -11*s - 11. Let x(y) = 21*y + 15. Let r(k) = 5*o(k) + 3*x(k). Determine r(7).
46
Let q(j) = j**2 + 5*j. Let p(f) = f**2 + 5*f - 1. Let y(h) = 4*p(h) - 3*q(h). Suppose 0 = -638*v + 644*v + 42. Give y(v).
10
Suppose 0 = -11*w - 73 - 48. Let p(m) = -3*m + 14. Let k(v) = v - 5. Suppose -5*f = 11 + 9. Let j(n) = f*p(n) + w*k(n). Determine j(1).
0
Let r(w) = 10*w**2 - 48*w - 54. Let d(x) = 3*x**2 - 17*x - 19. Let q(h) = 13*d(h) - 4*r(h). Calculate q(-28).
-3
Let i(t) = -31*t**2 - 63*t - 64. Let j(w) = -12*w**2 - 21*w - 22. Let h(o) = -3*i(o) + 8*j(o). What is h(7)?
16
Let n(z) = 0*z**3 + z**2 - z**3 + 93*z + 2*z**2 - 96*z. Suppose -5*u - 4*g = -3*g + 492, 4*u = -g - 393. Let i = 102 + u. Give n(i).
-9
Let z(o) be the first derivative of -o**3/3 + 3*o**2/2 + 3*o + 9513. Let q = -3 + 3. Let v be (-2 - q) + (-6)/(-1). What is z(v)?
-1
Let v(l) = 11*l**2 - 3*l - 2. Let y(z) = 40*z**2 - 38*z**2 - 8 + 7 - z. Let s(p) = -v(p) + 5*y(p). Suppose 4*r = -11 - 5. Give s(r).
-11
Let k be -3*((-6)/(-39) + (-1030)/(-65)). Let t = k - -48. Let a(s) = 0*s**2 - 22 + 0*s**2 + s**2 + s. What is a(t)?
-22
Let h = 45 - 37. Suppose h*w + 334 + 202 = 0. Let g = w - -74. Let r(q) = q**3 - 8*q**2 + 6*q - 1. What is r(g)?
-8
Let j(a) = -a**3 + 3*a**2 - 1. Let c(w) = -w**2 + 9*w + 16. Let g be c(11). Let n be g/27 + (-3 - 29/(-9)). Suppose -6*l + 0*l + 18 = n. Determine j(l).
-1
Let l(y) be the second derivative of -1/2*y**2 + 74*y + 0 + 4/3*y**3 + 1/12*y**4. Give l(-8).
-1
Let b(c) = 2*c + 67. Let q(f) = 10*f + 359. Let i(g) = -11*b(g) + 2*q(g). Determine i(-2).
-15
Let i(x) be the first derivative of 14*x**3/3 + x**2 - x - 1. Let j = 352 + -57. Let q = -294 + j. What is i(q)?
15
Let c(s) = 19*s**2 + 17*s + 84. Let i(v) = 54*v**2 + 52*v + 246. Let p(q) = -17*c(q) + 6*i(q). Give p(-21).
6
Let r(m) = m**2 - 29*m - 6. Suppose 0 = -5*h + 3*j + 133, -4*j = 20*h - 21*h + 13. Calculate r(h).
-6
Suppose -50 = x + 29. Let n = x - -82. Suppose -8 = -6*p + n*p - 2*u, 4*u = -2*p + 8. Let d(j) = j + 2. Give d(p).
4
Let i = -10 + 13. Suppose x + i = 2*x. Let g(w) be the third derivative of w**5/60 + w**3/3 - 312*w**2. Determine g(x).
11
Let g(u) = 4*u**2 - u**2 + 3*u**3 + 4*u - 2*u**3 + 3. Let k = -52221 - -52218. What is g(k)?
-9
Suppose 0 = -3*o - 3*q + 15, -2*o + 5*q - 32 = 0. Let u(l) = -22*l**3 - l**2 + l + 1. Determine u(o).
21
Let c(b) = 3*b**3 - 15*b**2 + 9*b + 4. Let y(g) = -g**3 + 2*g. Let z(r) = -c(r) - 2*y(r). Let w = -312 + 326. Determine z(w).
10
Let l be (24 - 4)/5 + 0 + 0. Suppose l*u - 34 = 21*u. Let h(s) = 7*s**2 + s + 1. Calculate h(u).
27
Let x(l) be the third derivative of -l**6/120 + l**4/24 + 19*l**3/6 - 50*l**2. Let r(s) be the first derivative of x(s). Suppose 1 = -0*c + c. Give r(c).
-2
Let m(x) = 4*x**2 + 3*x - 12. Let u = 1336 - 1333. Calculate m(u).
33
Let v(z) be the second derivative of 4/3*z**3 + 9 + 2*z**2 + 9*z + 1/12*z**4. What is v(-8)?
4
Let n(x) = -x + 1. Let u = 329 + -306. Suppose y = -22*z + u*z - 3, 2*y + 6 = 3*z. Determine n(z).
1
Let t be 3/((14 - 7)/(-7)). Let w(a) = a**3 + 8*a**2 - 3*a - 3. Let r(c) = -c**2. Let i(o) = -6*r(o) - w(o). Determine i(t).
3
Let r(g) = -4*g**2 + 2*g**3 - 2*g**2 - 5 - 3*g**3 + g**2 - 5*g. Let l be r(-4). Let v(b) = -b + 13. Let n(d) = 5*d + 6. Let a(t) = -2*n(t) + v(t). Give a(l).
12
Suppose 45*f + 12*f = 12*f + 270. Let a(g) = -7*g**2 + 31*g + 60. What is a(f)?
-6
Let c = 2561 - 2567. Let d = -1 + 2. Let n(i) = -d - 6 + 7*i**2 + 4 + 3*i + i**3. Calculate n(c).
15
Let n = 19706 - 19707. Let u(t) be the second derivative of -3*t**5/20 + t**4/6 + t**3/3 + t**2/2 + t. Give u(n).
4
Let m(s) = -s**2 - 5*s - 4. Let l be ((-28)/4)/((-6)/(-12)*-1). Let b be 9*(6/l + 210/(-147)). Calculate m(b).
-40
Let j(h) = -6*h - 7. Suppose -21 = 4*f + 5*s + 46, -4*s - 86 = 5*f. Let x = 24 + f. Let r(i) = -7*i - 8. Let n(w) = x*j(w) - 5*r(w). Determine n(-5).
3
Let y(b) = b**3 + 5*b**2 - 2*b + 2. Suppose 2 = -3*r + 17. Suppose 0 = -94*j - 599 - 241 - 6. Let d = r + j. Give y(d).
26
Let y(g) = g**2 + g - 1. Suppose -8*i + 20 = 5*t - 3*i, -i = -2. Let n(u) = -u**2 - t*u + 0*u - 9*u + 6. Let r(z) = -n(z) - 2*y(z). What is r(9)?
-4
Let m(o) = -1104 + 2254 - 2*o - 1104. What is m(20)?
6
Let x(y) be the second derivative of -y**4/4 - 107*y**3/6 + 13*y**2 + 111*y - 6. Determine x(-36).
-10
Suppose 5*d = -n - 578, d + 112 = -7*n + 5*n. Let m be d/(-30) + (-16)/(-120). Suppose -m*g + 72 = 4*g. Let i(q) = q**2 - 9*q + 9. Give i(g).
9
Let q(t) = -t + 6 - 24 + 2 + 13 + 7 + 4. Suppose 0 = -2*j + 34 - 10. What is q(j)?
-4
Let v be (80 + -4)/(-4)*(-28 - -27). Let k(y) = -y**2 + 22*y - 42. Give k(v).
15
Let u(y) = -85*y - 2292. Let q be u(-27). Let c(z) = 15*z + 10. What is c(q)?
55
Let i(h) = h**2 - 38*h - 775. Let r be i(53). Let n(j) = 2*j - 51. Determine n(r).
-11
Let v(y) = -y + 1. Let i(q) = -11*q + 10. Let n(l) = -24*l + 19. Let f(p) = -7*i(p) + 3*n(p). Let h(g) = -f(g) - 2*v(g). Determine h(8).
-13
Let s(p) be the first derivative of -p**4/4 + 2*p**3/3 - 5*p**2/2 - p + 1173. Determine s(0).
-1
Suppose -11*o + 2*l = -10*o + 3, -5*o + 24 = 3*l. Let s(z) = -10*z**2 + z + 5. Let n(m) = 9*m**2 - 4. Let q(d) = o*n(d) + 2*s(d). What is q(1)?
7
Suppose l + 3*t - 2 - 19 = 0, -4*l - t = -51. Let b(c) be the second derivative of -4/3*c**3 + 0 - 1/20*c**5 + l*c + 4*c**2 - 3/4*c**4. What is b(-8)?
8
Let h(b) = -b**2 - 11*b - 3. Let l be h(-10). Let j(y) = 1 + 0*y - l + 3 - 5 - y. Calculate j(-7).
-1
Let i(p) = -6*p**2 + 23*p - 24. Let b(w) = 2*w**2 - 8*w + 8. Let l(j) = 11*b(j) + 4*i(j). Let d(m) be the first derivative of l(m). Let h = -2 + 6. Give d(h).
-12
Let q(w) = 2*w - 11. Let g(u) = 3*u - 12. Let r(c) = 3*g(c) - 4*q(c). Let l(n) = 2*n**2 - 7*n - 4. Let j be l(3). Calculate r(j).
1
Let t(b) = 3 - 8*b + 4 + 5*b**3 + 6*b**3 + 5*b**3 - 15*b**3 - 8*b**2. Let o be (1 - 4) + 4 + 2 + 6. Give t(o).
16
Suppose -6*v + 3*v = -15. Suppose -5*s - 5 = v*b, 6*b - 2*b + 9 = s. Let a(w) = -1 - 198*w**2 + 197*w**2 - 3*w + 2*w. What is a(b)?
-3
Let a(w) = w**3 - w - 5. Let g = -67 - -99. Let s = 32 - g. What is a(s)?
-5
Let g(w) = -4*w + 22. Suppose 5*h + 8 = -3*y + 3, -y = 2*h + 3. Let d be g(y). Let n(c) = 7*c**d - 2 - 2 - 3 - 3 - c**3 + 9*c. What is n(8)?
-2
Let l be 35/((-525)/(-120)) + -6. Let f(n) = 2*n**3 - 9*n**2 + 15*n - 4.